*u - 10 = -2. Let g = u - c. What is the units digit of g?
8
What is the units digit of -1 + (-3)/24 + (-7251)/(-24)?
1
Let a(v) = v**3 + 13*v**2 + 9*v - 8. Let o(n) = -n**2 + 1. Let h(k) = a(k) + 3*o(k). What is the units digit of h(-7)?
9
Suppose 28*w - 23*w = 16245. What is the hundreds digit of w?
2
Let z(p) = 3*p**2 - p + 3. Suppose 4*k + 3*d + 23 = 0, 3*k - k = 3*d + 11. Let n be (-10)/k*(-12)/(-20). What is the tens digit of z(n)?
2
Let t(y) = -3*y - 4 + 11 + 2*y. Let l be t(7). Suppose 4*g - 177 = 5*v, l*g - 3*v + 126 = 3*g. What is the tens digit of g?
4
Let s(f) = 24*f + 24. Let q be s(3). Let p = -85 + q. What is the tens digit of p?
1
What is the hundreds digit of -7 + 1999 - (-2 - (0 - 2))?
9
Suppose 3*y = 3*n + n + 15, 0 = -2*y - n + 10. Suppose -218 = -y*p + 152. What is the units digit of p?
4
What is the thousands digit of 150/175*(1 - -1378)?
1
Suppose 0 = -8*a + 4*a + 20. Suppose -a*f - h + 10 + 6 = 0, 2*f = 4*h + 24. What is the units digit of f?
4
Let u = 517 - -155. Let a = u - 380. What is the tens digit of a?
9
Let w = -1880 - -4965. What is the hundreds digit of w?
0
Suppose 0*f = -3*f. Suppose f = 3*x - 2*g + 4414, 0 + 5 = -5*g. What is the units digit of (-2)/7 - x/56?
6
Suppose 0 = -u - u + 100. Let q be (-12)/5*u/15. Let j = q - -25. What is the tens digit of j?
1
What is the hundreds digit of (3 - (6 - 310))/((-1)/(-1))?
3
Suppose -2*r + 6*r + 36 = 0. Let m = 6 + r. What is the units digit of (-1)/(-3) + (-38)/m?
3
Let y be ((-48)/20 - -2)*-210. Suppose 3*v = -0*z - 5*z - y, 2*v + 36 = -2*z. Let h = 50 + z. What is the units digit of h?
5
Let k(u) = 142*u**3 - 4*u**2 - 5*u + 14. What is the units digit of k(2)?
4
Let i be (-18)/5*(-3 - 3/(-6)). Let w be -1*4/(-1) + 0. Suppose -i = w*h - 69. What is the units digit of h?
5
Let j = -2498 - -3650. What is the tens digit of j?
5
Suppose -r - 3 = -m, r = 4*m - 15 - 3. What is the units digit of (5/r)/(1/2)?
5
Let a = -1781 + 4371. What is the tens digit of a?
9
Let v = -830 + 1770. What is the tens digit of v?
4
Let x = -4237 - -6472. What is the units digit of x?
5
Suppose -19*z = -15*z - 12. What is the hundreds digit of 236/1*z/6?
1
Let l(w) be the third derivative of 13*w**4/12 + w**3/6 + w**2. Let g(q) = 2*q**2 - 42*q - 43. Let k be g(22). What is the units digit of l(k)?
7
Let z be (-2)/3 - ((-22)/3)/11. Suppose u - 5*r = 110, -u + 2*u + r - 116 = z. What is the hundreds digit of u?
1
Let k = -33 - -44. Suppose 0 = -g + k*g - 3440. What is the hundreds digit of g?
3
Let m = -30 + 30. Suppose m*p + 3*p + 107 = 4*w, 4*w - 103 = -p. What is the tens digit of w?
2
Let r be ((-3)/9)/((-1)/21). Let k(b) = -b + 6*b - r - 8*b. What is the units digit of k(-10)?
3
Suppose -5*o = -3*x + 4*x - 10, -4*x - 2*o = -58. Suppose -4*t = -h - 0*h + 15, -3*h = 3*t + x. What is the units digit of 3/((-43)/46 - h)?
6
Let q(l) = 4*l**2 - 5*l + 8. Suppose -6*i = -0*i - 24. What is the units digit of q(i)?
2
Let d(l) = 183*l**2 - 3*l - 5. What is the units digit of d(2)?
1
Let d(x) = -x**3 - 12*x**2 + 13*x + 4. Let w be d(-13). Suppose 3*k - 507 = -p, -6*k = -w*k + 3*p - 338. What is the hundreds digit of k?
1
Suppose g = -3*o + 4074, 13120 = 3*g - o + 948. What is the tens digit of g?
5
Let b = 368 + -695. What is the units digit of -3*(1 - b/(-9))?
6
Let d = 958 - 280. What is the units digit of d?
8
What is the tens digit of 6/(-5)*2655/(-3)?
6
What is the hundreds digit of (23/(-138))/(4459/(-4458) + 1)?
7
Suppose 0 = 25*h - 18*h - 4711. What is the tens digit of h?
7
Suppose -u - 2*a = 3*u + 14, -3*a + 7 = -u. Let d be 8/(-2)*u/8. What is the tens digit of d/7 + 159/7?
2
Let m(l) = 217*l + 55. What is the hundreds digit of m(12)?
6
Let c be 2/(((-6)/(-9))/(-1)). Let w be (0 + c)/(3/(-4)). Suppose -w*v = -v - 90. What is the units digit of v?
0
Let h be 4/16 - (-1695)/(-12). Let l = h + 210. What is the units digit of l?
9
Suppose u - 65 = -14. Let w = 132 - u. Suppose 2*q - 1 = 5*d + 25, 3*q + 3*d - w = 0. What is the units digit of q?
3
Let q(u) = u**2 + 13*u + 15. Let l be q(-12). Suppose -1284 + 379 = -5*t - l*v, 4*v = -20. What is the units digit of t?
4
Let k(m) = -m**2 - 5*m + 2. Let l be k(-8). Suppose 2*c = 87 + 9. Let f = c + l. What is the tens digit of f?
2
Let z(u) = 2*u**3 + 16*u**2 - 30*u + 15. What is the hundreds digit of z(-9)?
1
Suppose -30*a = -474 - 6816. What is the tens digit of a?
4
Suppose 2*z = -4*k + 7*k + 1073, 5*z - 2672 = -3*k. What is the tens digit of z?
3
What is the hundreds digit of (-43823)/(-104) + 6/(-16)?
4
Suppose -9 = -r - r + 5*d, 0 = -3*d - 3. Suppose 6*u - 304 = -r*u. What is the tens digit of u?
3
Let c = 6065 + -3456. What is the tens digit of c?
0
Let z(x) = x**2 - x + 1005. What is the units digit of z(0)?
5
Let o be ((-960)/(-25))/(0 - (-2)/(-40)). What is the units digit of o/(-9) - (-2)/3?
6
Suppose -839 = -2*s + x, 3*s - 646 - 625 = -x. What is the tens digit of s/4 + (-6)/(2 + 10)?
0
Let v(s) = s**2 - 40*s + 474. What is the units digit of v(76)?
0
Suppose 0 = -4*j + 20, -2*j - 14 + 112 = 4*b. Let r = -10 + b. What is the units digit of r/30 + 26/10?
3
Let k = 3019 + -2097. What is the tens digit of k?
2
Suppose -5*d - 1526 = -7*d. Suppose 5*b = d - 158. Let y = b - 64. What is the tens digit of y?
5
Let v(q) = 5*q**2 + 37*q + 7. Let k(d) = -2*d**2 - 12*d - 2. Let p(y) = 8*k(y) + 3*v(y). What is the units digit of p(14)?
9
What is the tens digit of (-34870)/(-14) + 5 + (-2)/(-7)?
9
Let l(s) = 59*s**2 - 2*s - 1. Let j be l(-1). Suppose -28 = -i + j. Suppose 4*c = 7*b - 3*b + i, 5*c - 150 = -5*b. What is the units digit of c?
6
Let o = 17 + -43. Let f = 145 + o. What is the tens digit of f?
1
What is the thousands digit of (-5 - (-1071)/5)*5?
1
Let a(s) = -3*s**3 + 4*s**2 + 8*s - 5. Let l be a(-4). Suppose 4*u - l = -v, -4*u - 4*v = v - 199. What is the tens digit of u?
5
Suppose -2*c + 4*c + 447 = -i, 3*c - 2*i = -674. Let k = c + 313. What is the units digit of k?
9
Suppose -5*j - h = 0, 0 = -0*j + j + 2*h. Suppose j = -5*r + 4*d + 60, 4*d + 0 - 20 = 0. Let t = r - 10. What is the units digit of t?
6
Suppose 4*b - n - 12 = -0, -2*b - 16 = 5*n. Suppose 0 = -4*x - m + 44, -3*m - 9 + 1 = -b*x. Suppose 66 = x*t - 4*t. What is the tens digit of t?
1
What is the tens digit of 3/21 + (-3495)/(-35)?
0
Let v be 0/(-5) - (-1 - 2). What is the units digit of v/(-4) - (-139)/4?
4
Let v be 2/3*60/10. Let d be 1/(2/(-4)*2). What is the tens digit of (48/(-16))/(d/v)?
1
Let i = 3 + -1. Suppose 108 = 4*s + 16. Suppose c + s = i*c. What is the tens digit of c?
2
Suppose 251*a - 32085 = 246*a + 5*g, 3*a - 19257 = 5*g. What is the units digit of a?
4
Suppose 2*v - 27 = 3*l - 7, -l = 2*v - 20. Suppose -3*w + 17 = -v. Suppose 5*z - 11 = w. What is the units digit of z?
4
Let w(i) be the third derivative of -11*i**4/6 + i**3/6 - 4*i**2. Let g be w(-1). What is the tens digit of 549/g - (-1)/(-5)?
1
What is the hundreds digit of ((-36)/(-72))/(2/4) - -591?
5
Let f = -12 - -42. Suppose -2*k = -7*k + f. What is the units digit of k?
6
Let s(w) = -w**3 - 3*w**2 - 18*w + 13. What is the tens digit of s(-9)?
6
Suppose -56 - 28 = -6*n. Let x(b) = -2*b + 25. Let c be x(n). Let u = c + 28. What is the units digit of u?
5
Let o(m) = 78*m + 23 - m**2 - 35*m - 27*m. What is the units digit of o(17)?
6
What is the hundreds digit of -1*21*3790/(-35)?
2
Suppose -4*t + 3558 = -9042. What is the tens digit of t?
5
Suppose -78 = 33*t - 35*t. Suppose k - u = u + t, 5*k - u - 186 = 0. What is the units digit of k?
7
What is the units digit of (-1)/3*-16*(-11820)/(-80)?
8
Suppose 2940 = 16*o + 12*o. What is the hundreds digit of o?
1
Let s = -51 - -69. Let o = s + 52. What is the units digit of o?
0
Suppose -z = -l + 7, 5*l - 2*z - 2*z - 30 = 0. Let o be 2/4 + (-5)/10 - 5. What is the tens digit of (3 - o/l)*6?
3
Let l(x) = -x**3 + 7*x**2 + 6*x + 18. Let z(f) = f**3 - 8*f**2 - 7*f - 17. Let p(y) = 7*l(y) + 6*z(y). Let s be 4/18 + (-8)/36. What is the units digit of p(s)?
4
Suppose 4*j + 24 = -12. Let z be (4/(-3))/4*j. Suppose 0*k - z*k + 24 = 0. What is the units digit of k?
8
Suppose -j = -0*j - 21. Let z = 74 + j. What is the units digit of z?
5
Suppose -73*p = -67*p - 20070. What is the units digit of p?
5
Let i(m) be the first derivative of -m**3/3 - 6*m**2 - 10*m